
Let k(i) = -2*i + 1. Let q(n) = -6*n - 4. Let h(d) = -2*k(d) + q(d). Calculate h(-4).
2
Let a(p) = -p - 2 - 2*p**2 + 3*p + p**3 - p**2 + 0. Let v be 12*(5/10)/1. Let i be (-5 + v)/(4/12). Calculate a(i).
4
Let s(k) = -k**3 - k**2 + k - 1. Let b(j) = -5*j**2 - 48*j - 29. Let v be b(-9). Determine s(v).
1
Let p(l) = 13*l + 6. Let w be (-5)/5*(3 + -1 + 3). Determine p(w).
-59
Let u(a) = -5*a. Suppose -2 = -5*s + 8, -3*s + 11 = b. Let l = -462 + 464. Suppose n = -r - 4, -l*n = -4*n - b*r - 17. Determine u(n).
5
Let x(w) = -4*w + 19. Suppose 0 = 48*s - 41*s - 42. What is x(s)?
-5
Let r be 1*((0 - 0) + 0). Let s be 4/(-10) - 99/15. Let u(q) = -5*q + 16. Let l(v) = 2*v - 8. Let t(j) = s*l(j) - 3*u(j). Calculate t(r).
8
Let s(l) = 14*l**2 + 7. Let i(c) = 5*c**2 + 2. Let r(a) = -17*i(a) + 6*s(a). Give r(6).
-28
Let u(r) be the second derivative of -r**4/12 - 3*r**3/2 - 2*r**2 - 3*r. Suppose 9*o - 6 = l + 8*o, -4*l - 48 = 4*o. Calculate u(l).
-4
Let x = -270 + 273. Let f(s) be the first derivative of -8 - 7*s - 3*s**2 + 1/4*s**4 + 4/3*s**x. Give f(-5).
-2
Let i be 5/(30/4)*15/(-2). Let h(x) = 2*x + 6. Let w(q) = 2*q + 5. Let f(o) = i*h(o) + 6*w(o). Give f(-5).
-10
Suppose 8*n - 90 = 5*n. Let w = 25 - n. Let d(o) = -14 - 4*o + 5 - o**3 + 10 - 6*o**2. What is d(w)?
-4
Let p(w) = 7*w + 3. Let q = 14 + -9. Suppose 15 = 3*x + 2*g, 3*x + 4*g = 2*x + q. Suppose 0 = -c - x + 3. What is p(c)?
-11
Let q(j) = j - 1. Let k = -691 + 693. Determine q(k).
1
Suppose 3*c + 54 = 63. Suppose -q + c = 7*o - 4*o, -5*q - 2*o = 11. Let y(i) = i - 2. What is y(q)?
-5
Let a(g) = g**3 - 6*g**2 + 2*g + 5. Let s be (-24)/(-132) + (-210)/(-55). Determine a(s).
-19
Let n(v) be the second derivative of -v**5/20 - v**4/2 - v**3/6 + 3*v**2 - 427*v. Let h(r) = r**2 - 6*r - 5. Let y be h(6). Calculate n(y).
-14
Let c(y) = -5*y**2 + 4*y - 1. Let g(p) = 9*p**2 - 7*p + 2. Suppose f + 5*s = -0*s - 22, 19 = 3*f - 2*s. Let t(u) = f*g(u) + 5*c(u). Determine t(1).
2
Let x(u) = u**3 - 5*u**2 - 7*u - 1. Let h(n) = -n**3 - 7*n**2 - 6*n + 6. Suppose -24*t = -20*t + 24. Let k be h(t). Give x(k).
-7
Suppose 26*t - 30 - 74 = 0. Let q(h) = -h**2 + 10. Determine q(t).
-6
Let l(g) = -g**2 - 2*g + 1. Let f(s) = 235 + s + s - 246. Let u be f(6). Determine l(u).
-2
Let f(l) = 3*l + 8. Let b be (-3)/(((-3)/4)/(-1)). Let h be f(b). Let z(t) = t**3 + 2*t**2 + 16 + 2*t**2 + 3*t - 12. What is z(h)?
-8
Let o(t) = 2*t + 5*t - t**2 - t - 4. Suppose -3*x + 1 = 2*p - 4, -4*p + 2*x + 18 = 0. Determine o(p).
4
Let p be 1*((-12)/(-6) - -7). Suppose p*n + 39 - 129 = 0. Let r(z) = z - 2. Give r(n).
8
Let b(f) = -f + 3. Let m(y) = -10*y**2 - 2*y - 5. Let a(x) = -10*x**2 - 3*x - 6. Let v(i) = 4*a(i) - 5*m(i). Let d be v(1). Determine b(d).
-6
Let t(v) be the first derivative of v**3/3 - v**2/2 - 2*v - 50. Give t(2).
0
Let f(u) = 19*u - 15. Let z(x) = 10*x - 8. Let r(k) = 2*k + 3. Let o be r(4). Let a = -1 + -5. Let w(l) = a*f(l) + o*z(l). Calculate w(2).
-6
Suppose 0 = -4*k - 4. Let o be (-2 + (-1)/k)/(1 - 0). Let a(b) = 0 - 11*b + 2 - 3. Calculate a(o).
10
Let j(g) = g**2 + 5*g - 3. Let p(t) = -15*t + 10. Let r(b) = 8*b - 6. Let k(m) = 3*p(m) + 5*r(m). Let q be (-2)/4 + (-6)/(-4). Let c be k(q). Give j(c).
-3
Suppose 0 = -2*q - 5*p + 35, 2*q = 4*q - 2*p. Let b(g) = 2*g**3 + g**2. Let m be b(1). Let y(i) = -1 + 0*i**2 + m*i + 8*i**2 - 9*i**2. Give y(q).
-11
Let u(v) be the first derivative of -1/3*v**3 + 2 - v + 3/2*v**4 + v**2. Let q = 4 + -3. Calculate u(q).
6
Let l(f) = f**2 - 9*f + 12. Let m(h) = 27*h - 73. Let r be m(3). Give l(r).
4
Suppose 172*o - 173*o + 4 = 0. Let c = -4 + 6. Let p(f) = 5*f**c + 7*f - 8*f + 0 - o + f**3. Calculate p(-5).
1
Let z be (-331)/(-30) - (-200 + 211). Let w(m) be the third derivative of 5*m**2 + 0 - 1/40*m**6 + 0*m - 1/6*m**3 + 0*m**4 + z*m**5. Give w(-1).
4
Let v(z) be the third derivative of z**6/120 - 7*z**5/60 - z**4/8 + 10*z**3/3 - 10*z**2 + 6*z. Calculate v(7).
-1
Let m(x) = x**2 + 0*x**2 - 22 - 20 + 49. Determine m(0).
7
Suppose -9 = -9*v + 8*v - d, 4*v - 3*d - 1 = 0. Let m(w) = -6*w - 9. Give m(v).
-33
Let w(m) be the first derivative of 7*m**2/2 - 29. Let b be -4*1 - 6/(-2). What is w(b)?
-7
Let y(m) be the second derivative of m**5/20 - 7*m**4/12 - 7*m**3/6 - 3*m**2/2 - 3*m. Suppose -5*q = -s - 38, 4*q + s - 8 = 26. Calculate y(q).
5
Let i(f) = -f**2 - f - 3. Let y(w) = 16*w**2 - 86*w + 141. Let z(j) = 3*j**2 - 17*j + 28. Let k(s) = -2*y(s) + 11*z(s). Let h be k(13). Determine i(h).
-3
Let l be (-1472)/56 + (-4)/(-14). Let i be 20 + l + -1 + 4. Let p(v) = v**3 + 3*v**2 + 3*v + 4. Calculate p(i).
-5
Let m(r) = 1 - 1 + r + 3. Let p(w) = -w**3 + 11*w**2 - 4. Let a be (11/(-4))/(7/(-28)). Let z be p(a). Determine m(z).
-1
Let a(r) = -5*r + 2. Let j = -22 + 7. Let p(t) = t**3 + 14*t**2 - 15*t - 1. Let w be p(j). Let n be a(w). Let m(z) = -z**2 + 7*z + 6. Calculate m(n).
6
Let y be (-22 + 22)/(-3 - -2). Let w(b) be the third derivative of y*b**3 + 0 - 1/8*b**4 - 1/60*b**5 + 0*b - 3*b**2. Give w(-4).
-4
Let n(p) = 7*p + 0*p - 6*p - 3*p. Let u be n(0). Let m(s) = -s**2 - s + 5. What is m(u)?
5
Let q(c) = 4*c + 6. Let y be ((-80)/(-100))/((-2)/340). Let v be -1 + y/36 - (-4)/(-18). Determine q(v).
-14
Let k(q) be the first derivative of -q**3/3 - 7*q**2 - 12*q + 342. Determine k(-12).
12
Let k = 34 - 35. Let b(r) = -r**3 + r - 4. Let w(u) = -2*u**3 + 2*u - 5. Let a(s) = 4*b(s) - 3*w(s). Determine a(k).
-1
Let q be (-26)/(-7) + 4/14. Let l(g) be the first derivative of -g**4/6 + 2*g**3/3 - 21*g**2 + 15. Let d(m) be the second derivative of l(m). Give d(q).
-12
Let c(f) = 12 + 2*f**3 - 10 + 87*f - 89*f. Give c(2).
14
Let q(x) = -x**3 + 5*x**2 - 2*x - 5. Let a(g) = -g**2 - 7*g + 5. Let z be a(-6). Let y = 134 - 119. Let d = y - z. What is q(d)?
3
Let g(h) = h + 2. Let v = 57 + -53. Suppose 5*q + 10 = -v*n, 0 = n + n + 10. What is g(q)?
4
Let d(z) be the first derivative of -z**2/2 - 10*z + 33. Give d(-10).
0
Suppose 6*c = c - 80. Let l = c - -12. Let v(q) = 5*q**3 - 9*q**2 + 3*q + 4. Let m(d) = -d**3 + d**2 - d - 1. Let y(p) = l*m(p) - v(p). Calculate y(5).
5
Let a(c) = -11 - 45*c + 3 + 15*c + 16*c + 13*c. Determine a(-7).
-1
Let f(k) be the first derivative of 3*k**2/2 - 3*k + 57. Let i(r) = -3*r + 33. Let x be i(13). What is f(x)?
-21
Let g be (-15)/(-12) + (-3)/12. Let j(h) = -3 + 1 + 0 + 6*h**2 + g. Suppose -3 = 2*n - 1. Give j(n).
5
Let g be (0/1)/(6/(7 + -4)). Suppose -3*c + 5*n + 1 = -27, 2*c + 3*n + 13 = g. Let o(i) = -5*i**2 - i + 1. Calculate o(c).
-5
Let b = 46 - 43. Let j(c) be the second derivative of 7*c + 0 + 0*c**b + 1/12*c**4 + c**2. What is j(0)?
2
Let g(l) = 7 - 14 + 4 + l + 0*l + l. Suppose 2*h - 2 = 10. Give g(h).
9
Let r(h) = -101 - 89 + 184 - 2*h. Let i = 5 + -10. Let y be r(i). Let v(l) = l**2 - 5*l - 1. What is v(y)?
-5
Let t(r) be the second derivative of -r + 1/4*r**4 - 1/20*r**5 - 3/2*r**2 + 0*r**3 + 0. Let x(u) = -5*u + 63. Let n be x(12). Determine t(n).
-3
Let k(n) = -7*n**2 - 6*n + 16*n**2 - 10*n**2 + 0*n. What is k(-5)?
5
Let r(h) = 94*h - 4 + 11 - 41*h - 48*h - h**2. Suppose 5*k - 3 = 5*p + 37, 2*p = -k + 2. Determine r(k).
1
Suppose 54 = 17*d - 14*d. Let x(z) = 6*z**2 + 5*z - 5. Let y(p) = 18*p - 18 + 0*p**2 + 5*p**2 + 16*p**2. Let g(a) = d*x(a) - 5*y(a). What is g(1)?
3
Let b(u) = u**3 + u**2 + u - 7. Let g be b(0). Let k(w) be the third derivative of 0 - 10*w**2 + 1/6*w**3 - 1/60*w**5 - 1/4*w**4 + 0*w. Calculate k(g).
-6
Let k be (14 - 24)*(3/2 - -1). Let o be (32 + k)*(24/(-14) - -2). Let z(y) be the first derivative of -3*y**2 + 3*y - 1. Give z(o).
-9
Suppose 2*n + 9*v - 4*v + 2 = 0, -5*v = -n - 16. Let g(f) = 3*f + 0 + 2 + 7. Give g(n).
-9
Let b(o) = -o**3 + 7*o**2 + o - 4. Let n be b(7). Let a(j) = 105*j**2 + 6 - 102*j**2 - 4*j - j**3 - n. Determine a(2).
-1
Let r(n) = n**3 + 3*n**2 - 5. Let f(w) = -w**3 - 2*w**2 + w + 2. Let d(q) = -5*f(q) - 3*r(q). What is d(2)?
15
Let h(z) = -1. Let c(f) = f. Let u(v) = -2*v - 4. Let n(d) = -6*c(d) - u(d). Let w(a) = -5*h(a) - n(a). Determine w(-1).
-3
Let r(j) = -4*j + 31. Let a(l) = 4*l - 35. Let h(m) = -6*a(m) - 7*r(m). Determine h(12).
41
Let f(i) = 2*i**2. Let m(u) = 2*u**2. Let t(w) = -4*f(w) + 3*m(w). Give t(-3).
-18
Let d(n) be the first derivative of n**2 - 3*n - 39. Calculate d(0).
-3
Let f(o) = o + 